
Suppose -47*w + 44*w - 2054 = -v, 5*w + 10260 = 5*v. Is v a composite number?
True
Suppose 4*s - 362 = -p + 21800, p = 3*s - 16625. Is s a composite number?
True
Let q(g) = 1. Let a(v) = -v**2 + 12*v - 19. Let b(f) = -a(f) + 4*q(f). Let j be b(10). Is j/27*3*1719 a composite number?
True
Let g(b) = 16*b**2 - 26*b + 35. Is g(23) a prime number?
True
Suppose 22 - 52 = 5*p. Is 2/(p/(-177) - 0) prime?
True
Let b(h) = 104*h + 21. Let r be (8/(-36)*3)/(2/(-15)). Is b(r) prime?
True
Suppose 35*c - 24*c - 190135 = 0. Is c a composite number?
True
Let r(d) = d**2 + 12*d. Suppose 0 = 5*y - 3*m + m + 19, -3*y = -5*m. Let x be r(y). Is (-4450)/x + 1/(-7) a composite number?
False
Let z(b) = 36*b**2 - 18*b - 17. Is z(-5) composite?
True
Is (-2)/7 + (-65673)/(-126)*6 prime?
False
Suppose y = 2*c, y + 0*y - 6 = -c. Let o(j) = 2*j + 13*j**3 + 1 - 14*j**3 - 4*j**2 + 9*j**3. Is o(c) a composite number?
False
Let l(x) = -x**3 + 3*x**2 + 4*x + 6. Let m be l(-4). Let r = m + -42. Suppose 0 = -2*z + 6*z - r. Is z a composite number?
True
Let z(s) = 3*s - 7. Let v be z(6). Is 1 + (-9)/v - 8475/(-33) prime?
True
Let k = 102 + -42. Let l be (1 - (-684)/(-3))*1. Let r = k - l. Is r composite?
True
Suppose 2*g = -2*h + 72, 2*g - 30*h + 33*h = 77. Is g a prime number?
True
Suppose -10*p + 13*p - 9 = 0. Suppose 2*m - 879 = -p*n - 0*m, 0 = 4*n + m - 1172. Is n a composite number?
False
Let w(j) = 184*j + 435. Is w(79) a composite number?
True
Suppose 9*m = 8*m + 2333. Is m composite?
False
Suppose 40*j - 10*j = 424290. Is j prime?
True
Let k = 32 + -34. Let d be (-15)/k*(-28)/(-2). Suppose -m - 4*r + 35 = -0*m, 3*m - d = -5*r. Is m a prime number?
False
Suppose 0 = 4*g - 6*g + 6, -4*g + 101377 = -u. Is (u/(-105) - 2/(-7))*3 a prime number?
True
Let r = -1018 - -1487. Is r composite?
True
Let x be 1 + (-2 + 2)/(-2 - -4). Is x - 1002/(-4) - (-6)/(-12) prime?
True
Suppose 146*b - 149*b = -13707. Is b a prime number?
False
Suppose 0*f = 3*y + 2*f - 2, 2 = -5*y + 2*f. Suppose y = 5*t - 57 - 3. Is 214/3 + (-4)/t a composite number?
False
Suppose 0 = -5*w - q + 1245, 3*w - 641 - 106 = -q. Is w composite?
True
Suppose -65978 = -29*m + 7*m. Is m a prime number?
True
Let u = 0 - 5. Let z(s) = -23*s - 6. Is z(u) a prime number?
True
Let p = 14 - 8. Suppose 0 = -p*c + 3*c. Suppose c = -4*t + 1015 + 501. Is t prime?
True
Suppose -10*z + 908 = -3282. Is z a composite number?
False
Let x be ((-6)/(-8))/(-1 - (-13908)/13904). Suppose -714 = 3*c - x. Is c composite?
False
Suppose -3*m + 5*l + 4264 = 0, -2*m + 15*l + 2848 = 17*l. Is m a composite number?
False
Let w be (-470)/(-12) + (-6)/36. Let o be w/9 - 3/9. Is (1 - o)/(30/(-830)) composite?
False
Let x(a) = 3*a**2 + 5*a + 7. Suppose -5*h - 5*y - 111 = -26, -4 = y. Is x(h) a composite number?
False
Let j = 2 - 3. Let m(f) = -423*f - 1. Is m(j) composite?
True
Let d = 20039 + -11566. Is d a composite number?
True
Suppose -s + 2*s - 43 = 0. Suppose 12 = -v + s. Suppose 3*c - 47 = v. Is c a composite number?
True
Suppose -5*h = -2*v + 1227, 0*v = -v - 4*h + 607. Is v a prime number?
False
Let y = 5 - 3. Is -1 - 1*(y + -6) a prime number?
True
Let b = -73 - -518. Is b a composite number?
True
Let b be (-8 + 6)*(5/(-2))/(-5). Let s(r) = -54*r**3 + 1. Is s(b) a prime number?
False
Suppose -4*a + 4*s + 22 = -2, 3*a = -s + 30. Let c(j) = 7*j**2 + 2*j + 12. Let y(z) = 15*z**2 + 5*z + 25. Let l(m) = 5*c(m) - 2*y(m). Is l(a) a prime number?
False
Is (-37)/((-1883)/11046 - 1/(-6)) a composite number?
True
Let o be (-1580)/8*-4 + (1 - 2). Suppose -u = o - 2410. Is u prime?
True
Let z = 56 - -22. Let u = z + 19. Is u a prime number?
True
Suppose 4*u = -4*y + 3416, -5*u + 694 + 2725 = 4*y. Let s = 3010 - y. Is s prime?
False
Let n(v) = 9*v**2 - 3 + 4 - 3*v**3 + 10*v + 2*v**3 + 5. Let o be n(10). Let f = o - -53. Is f a composite number?
False
Suppose 62141 = 3*r - 3*a - 51706, -4*a - 113851 = -3*r. Is r composite?
True
Suppose -2*u = -7*u. Is 363 - u/(-1) - 2 composite?
True
Suppose 4 = -2*g + 12*y - 8*y, -g = -4*y + 8. Suppose 2*m = g*m - 670. Is m a prime number?
False
Let c be -1 + -1 - 1 - -8. Suppose -2*v = v, 2*v + 3185 = c*y. Let u = -450 + y. Is u composite?
True
Let p(d) = 7*d**3 + 6*d**2 + 5*d. Let q be p(-4). Let j = 1688 - q. Suppose -2924 = -2*n - 2*z, n - z + 592 = j. Is n a composite number?
True
Suppose -81*x = -91*x + 561970. Is x composite?
False
Let g = 4765 - 980. Is g prime?
False
Let m(y) = -y**2 - 11*y - 21. Let s be m(-8). Is 2676/s + 5/(-1) a composite number?
False
Is 14 + (-748816)/(-104) + (-4)/26 prime?
False
Let a(i) = 3768*i + 25. Is a(2) a prime number?
True
Let z = 8386 - 2075. Is z a prime number?
True
Is (42590/(-35) + -9)*-7 prime?
True
Suppose 5*t - 37*r = -40*r + 39166, 4*t = 2*r + 31346. Is t composite?
True
Let z = -22756 + 46799. Is z prime?
True
Suppose 4*p + 5*y - 5360 = -p, 1078 = p + 3*y. Is p composite?
False
Let k(c) = -4 - 7 + 8*c + 3*c + c**2. Suppose 5*p - 60 = 28*v - 33*v, -5*p = -4*v - 15. Is k(p) a composite number?
True
Let r(t) = 594*t - 12. Let q be r(-4). Let p = -1162 - q. Is p a prime number?
False
Let u be 50*1*250/20. Suppose c + 2*z = -3*z + u, -2*c + 1214 = z. Suppose 0 = -x + r + 251, -148 = -3*x + 2*r + c. Is x prime?
True
Let l be (-5)/10*(2 - 6). Suppose 0*k = -l*k. Suppose -c + 0*c + 31 = k. Is c composite?
False
Let j be (-18)/(-12) - 5/(-2). Suppose 3*c - 12658 = -j*p, -5*p + 108 + 15709 = c. Is p prime?
True
Suppose 3*w + 0*w - 3*u + 2139 = 0, w + 3*u + 729 = 0. Is (1 + -2)*w/3 composite?
False
Suppose 10 = 2*a - 4*d - 2, 4*a - d = 3. Suppose 5*n = -a*n + 4585. Is n prime?
False
Suppose 0 = 14*o - 15*o + 3. Suppose -q + 677 = q - o*s, 682 = 2*q - 2*s. Is q composite?
True
Let b = 886 + 153. Is b prime?
True
Let l(k) = 11*k + 13649. Is l(0) composite?
False
Let h be ((-42)/(-8))/((-6)/(-8)). Let n = h - 6. Is n/(-2*3/(-1146)) composite?
False
Suppose 3*m + 8*y + 4 = 4*y, m = -4*y - 12. Suppose -594 - 382 = m*t. Let s = t - -911. Is s prime?
False
Is 52472/35 + 1/(-5) prime?
True
Suppose f + 3*y - 16 = 0, -4*y = -3*f - 4 - 0. Suppose -2*u - 1 = j - 4, -f*j - 12 = 0. Suppose u*r - r - 2*b - 386 = 0, 0 = -r - 2*b + 187. Is r prime?
True
Suppose 2*t = s + s - 29604, 0 = -s - 5*t + 14772. Is s prime?
True
Suppose 13*a - 75 = 8*a. Suppose 53018 = -m + a*m. Is m composite?
True
Suppose 6*j - 19 = -7. Suppose j*f - 916 = 5*a + 2221, -3*f + 4698 = -5*a. Is f a composite number?
True
Suppose 6*m - 149 - 1645 = 0. Suppose -4*l = m + 57. Let s = l + 202. Is s a prime number?
True
Suppose 4*x - 4*n - 10 = 6*x, 5*n - 10 = 5*x. Is x*(40408/12)/(-2) prime?
True
Let z(h) = -39*h - 5. Let a(d) = 39*d + 4. Let o be 2*(-2)/(12/(-9)). Let r(j) = o*z(j) + 4*a(j). Is r(2) composite?
False
Let h = 7477 - 2819. Suppose -4*u = 2*a - h, 3*u + 4*a = 1758 + 1743. Is u a composite number?
False
Let x = 5997 - 2492. Is x composite?
True
Let g = 28 - 60. Let t = 27 + g. Is (-17748)/(-45) - 3/t a prime number?
False
Let a(x) = 2*x**2 - 11*x + 13. Suppose -4*u - 2*l = -0*l + 6, -l = 3. Let g be (-6 - (1 - u)) + -3. Is a(g) prime?
False
Let q be (-4 - 1424)/(1/2). Let y be 1/(-2) - q/16. Let t = -113 + y. Is t composite?
True
Suppose -4 = -2*q - 0, -52 = -4*s - 2*q. Suppose 293 = -11*m + s*m. Is m composite?
False
Let h(s) = 3*s**2 + 15*s - 32. Let o be h(-14). Suppose 0 = -2*q + o + 76. Is q a composite number?
False
Let w(n) = -n**3 - 18*n**2 - 7*n - 14. Let z be -11 - (3 - 3 - 0). Let k be w(z). Let r = k - -1415. Is r a composite number?
False
Suppose -q = 2*d - 2766, 5*d - 6*d + 1374 = -4*q. Is d a prime number?
False
Suppose r + 4*g = 3953 + 1130, -10202 = -2*r + g. Is r composite?
False
Let k = 638 + 929. Is k composite?
False
Let o(r) = 33*r + 125*r + 13 + 36*r. Let z be o(4). Suppose -5*h - c + 1990 = 0, -2*h = c - 2*c - z. Is h a composite number?
False
Let n be 10*((-10)/(-4) + -2). Suppose n*q - 23 = -4*t, -3*t + 10 = q + 1. Is (q - -46 - -1) + -1 prime?
False
Is (-2 + (7 - 4))/(12/128292) composite?
False
Let v = -4351 + 8622. Is v a prime number?
True
Let n = 14 + 41. Let b = -135 + n. Let a = 117 + b. Is a prime?
True
Suppose -2*d = -2*y - y + 598, -y = -3*d - 190. Suppose -16*b + y = -15*b. Let l = b - -369. Is l composite?
False
Let i(r) = -6 + 16 - 7 + 350*r. Is i(7) a prime number?
False
Is 1